+ -1593?
63
Evaluate -27 + 33 + -22 + 2 + 14 - (-3 + 22).
-19
-41 + 46 + -23 + 9 + 80 + -8
63
What is (6 - (14 + -19 - -6)) + -3 + 18 + 2?
22
What is the value of 54 + -67 - ((2 - (-1 - (1 - 2))) + 4)?
-19
What is (2 - -7) + (10 - (-10 + 15 - -40))?
-26
What is 13 + (-7 + -22 - -5 - 0)?
-11
Evaluate -5 + (76 - (41 + -18)) + -19.
29
What is 53 + (-28 + 2 - -22) + -24?
25
(-54 - (-61 - -19)) + (-1 + -17 - -1)
-29
What is -50 + (-35 - (22 + 16 + -117))?
-6
What is 40 + 2 + -1 - (3192 - 3180)?
29
Evaluate -3 + -5 - (45 + (-14 - (-6 + -18))).
-63
75 + (47 - 18 - 12) - (7 + 9)
76
Calculate -43 - (-33 + 44 + -41).
-13
What is (0 - 35 - (-151 - -131)) + 2 + 5?
-8
What is -2 + -41 - (27 + -25 + -4 + 0)?
-41
What is the value of (-6 - -3) + -21 - (3 - (-22 - -28 - -4))?
-17
What is the value of 1 + 0 - (1320 + -1362)?
43
Calculate 6 + (-5 - -2) + 7 + -133 + 114.
-9
(4 - (8 - -19)) + 34 + -52
-41
What is the value of 2 - (2 - 1 - 15 - (464 + -490)) - 74?
-84
Calculate 7 + -26 + 12 - ((12 - 6) + -11 + -42).
40
Evaluate (1 - (-8 - 0) - 4 - (-7 + 20)) + 106.
98
What is the value of 5 - (1 + 0) - (-66 - (-10 - -4 - 11))?
53
Evaluate -87 - (-64 + 136 + -68).
-91
82 + -76 - (-74 - (1 - (6 - 3)))
78
Evaluate (-47 + 8 + -1 - (71 - 92)) + 150.
131
Evaluate -14 - ((-126 - -117) + (15 - 3)).
-17
Evaluate 31 + -31 + -2 + 70 + -27.
41
Calculate 54 - (2 - 31 - (-9 - 8)).
66
37 + -1 + -13 + 0 + -1 + 2
24
What is (-15 - 26) + 9 - (-203 - -200)?
-29
(160 - 158) + (5 - (-3 + -5 + 1))
14
Evaluate (2 - 12) + -33 + -1 + (-118 - -106).
-56
Evaluate -28 + 12 + 3 + -4 + 92.
75
Evaluate 3 - -30 - 1 - (1310 + -1244).
-34
-18 - ((-8 - -27) + 8 - 3) - -16
-26
What is the value of -76 - -51 - (10 - (4 + -3)) - -14?
-20
(189 - (104 - -67)) + -126 + 2
-106
(32 - -1) + (-15 - 1 - (783 + -792))
26
What is -26 + 1 - (-11 - (-10 + -7 + (1 - -3)))?
-27
Evaluate -2 + -153 - (-127 + 53 - -27).
-108
Calculate 5 + 92 - (-56 + -25 + 61 + 15 + 1).
101
What is 67 - -11 - (5 + 47)?
26
Calculate (49 - (-40 - -138)) + 72.
23
-95 + 124 + -47 - (1 - -39)
-58
6 + (-3 - -20) + (-17 - -1) - -72
79
Evaluate 14 + (-106 - -35) - -59.
2
Calculate 29 + ((13 - -4) + 15 - 16 - 15).
30
Evaluate -12 + -15 + 92 + -12 + 11 + -17.
47
(-9 - ((-5 - -1) + 104 + -90)) + 10 + -141
-150
What is the value of -83 + (123 - (141 - 59))?
-42
(4 - (-10 - -8)) + (23 - (-4 + 36)) + 41
38
What is the value of (-4 - (-5 - -13)) + (548 - 555)?
-19
Evaluate 7 - 23 - (-6 - 10 - 2).
2
Evaluate -54 - (-16 - (-17 - -33) - -10).
-32
(0 + 5 - (11 - -11)) + -3 + -2
-22
Calculate -4 + -43 - (-320 + 316).
-43
What is (5 - -2 - 4) + 0 + 7 + 9 - 2?
17
37 + -3 + -40 - (48 - 15)
-39
What is (-27 + -2 - -2 - (24 - (-9 + 37))) + -10?
-33
Calculate 1 + (-13 - (32 - 33) - (2 - -5)) + -1.
-19
What is the value of 96 + -19 + -47 + 44 + (-3 - -4)?
75
What is the value of 17 - (-7 + 10 + -12 - 16)?
42
What is 35 + 10 + 3 - 16?
32
What is the value of (-26 - 13) + 79 - 17?
23
Calculate 4 - (0 + 1 + (-1361 - -1374)).
-10
What is the value of -36 - 18 - (-3 + 40 + 0)?
-91
-71 + (-2 - (-21 - (-45 + 19)))
-78
-948 + 992 - (-2 - -20)
26
0 + (-6 - -1) + -14 + 60
41
Evaluate 58 + (-5 - 1) + (9 + (21 - 9) - 17).
56
What is the value of 1837 + -1784 - (9 - 1)?
45
-4 + -41 - (-54 + 46 - (1 - 23))
-59
-47 + (-1 - 2) - (8 + -4) - -16
-38
What is -4 + -5 + (30 - (-30 + 34)) + 27?
44
What is the value of (14 + (-3 - -3 - 27) - -19) + -21?
-15
What is the value of 25 + -1 + (431 - 433) - 66?
-44
What is the value of (-54 + 50 - (-1 + 0)) + 10 + -16?
-9
Evaluate -268 + 261 - (-125 + (8 - (11 - 5) - 7)).
123
Evaluate -18 + 38 + 0 - (-4 + 68).
-44
What is the value of 1032 + -1151 - (-62 + 0)?
-57
-19 + (94 - (-77 - -88))
64
-32 - ((-69 - -71) + (-4 - (-1 - 0)))
-31
Calculate -91 + -30 + 10 + (-30 - -27).
-114
Calculate 23 + (-31 + -42 - (27 + -48)).
-29
What is the value of -92 + 56 + 63 + -71?
-44
What is (179 - 18 - 317) + 19 + 4?
-133
Calculate (-101 - -108) + (-2 - 91 - (-2 - 2)).
-82
-1 + 39 - (-1812 - -1827) - (1 + -10 + 1)
31
(-12 - -2) + (-40 - (-66 - -33))
-17
Calculate -119 - (132 - 117 - 95).
-39
Evaluate 87 - (73 + 86) - -128.
56
-36 - 8 - (796 - 860)
20
12 - (2 + (-3 - 2)) - ((9 - -3) + -15)
18
Evaluate 52 - (38 - (-44 + -16)).
-46
Evaluate -21 - (13 - 38 - (3 + -7)).
0
What is the value of 0 + 38 + (67 - 24 - 6)?
75
18 - (-23 - -67 - 29)
3
What is 2 + (3 - (-2 - -3)) + (45818 - 45817)?
5
Evaluate 26 + -8 + (18 + 5 + -37 - 10).
-6
Evaluate 15 + (12 + -6 + -30 - -22).
13
-2143 + 2180 - (58 + 0)
-21
8 + -60 + (5 - ((7 - 18) + 2))
-38
Evaluate 39 + (122 + -14 - 109 - (8 + -2)).
32
What is the value of 66 - 54 - 22 - -42?
32
What is 8 - (-8 + 45) - (12 + 0)?
-41
What is (2 + -4 - -57 - (-4 - -7)) + (587 - 595)?
44
Calculate -3 + -8 + 37 + 256 + -363.
-81
Evaluate 3653 + -3654 + (100 - -1).
100
Calculate -12 - (-17 - (6 + 5 + -3)) - (-1 - -10).
4
What is the value of -131 - (-207 + (439 - 227) + (-17 - 0) + 1)?
-120
Evaluate (-69 - 0) + (21 - 13) + (-5 - -26).
-40
What is the value of -38 - (-23 - (27 - 18))?
-6
Calculate (-22 - -5) + 2 - (19 + -52 + 43).
-25
What is the value of (5 + -39 - -40) + -36 + (2 - 4 - 1)?
-33
Evaluate 69 + (-4 - -92 - 191).
-34
-5 + 32 + 6 - (-1151 - -1175)
9
What is the value of 9 + 8 + -9 + -4 + (-33 - 6)?
-35
Evaluate -6 + (9 - -1) + (-12 + -1 - -6).
-3
Calculate (44 + -36 - (5 - -3)) + (3 - -16).
19
-60 + 57 + 10 - (3 + -30)
34
-3 + (26 - 2 - (13 - -9 - 32))
31
Calculate 93 + (-37 - 5 - (47 - 79)).
83
Calculate -9 + 12 + -35 - (-4 + 10).
-38
What is the value of (-9 - (-2 + -6 + -1) - -2) + (90 - -2)?
94
(74 - 82) + (20 - 15 - -60)
57
What is (15 - -33) + -52 + -14?
-18
What is the value of -37 + (-19 - -36) - 10?
-30
What is the value of -5 - -9 - (100 + -7) - (-2 + -12)?
-75
Calculate 2119 + -2086 + 1 + -56.
-22
What is the value of 56 + (8 - (11 + (6 - (22 - 10)) - -2))?
57
Evaluate 0 - -19 - (-174 + -13 + 191).
15
Calculate -6 + (16 - 3) + 29.
36
Evaluate 45 + -172 + 76 - (-3 - 28).
-20
What is -36 + (-104 - (-43 - -55)) - -18?
-134
Calculate (-29 + 22 - (-20 + 12)) + -21 + 10.
-10
What is the value of -34 - (86 - 157) - 53?
-16
Evaluate (-14 + 20 - 52) + 91.
45
10611 + -10618 + (75 - 1)
67
What is -133 - -6 - (-92 + 72 - 10)?
-97
Evaluate -148941 + 148852 + (1 + 4 + 0 - -1).
-83
What is the value of 1034 + -982 - (59 + 7)?
-14
Calculate -1 + 2 + -6 + (172 - -2 - (61 - 31)).
139
-8 + 1 + 63 - (-2 + 3 + (-2 - 1))
58
What is the value of 7 - (9 - (-34 - (22 - 72)))?
14
Evaluate -1 + 0 - 12 - (-125 + 92 + 5) - 98.
-83
Calculate 1829 + -1909 + (17 - -1).
-62
What is (48 - 10) + -49 + 9 - (0 - -19)?
-21
28 + -62 + (21 + 0 - 2)
-15
What is the value of -52 + -26 - (12 + 8 - 61)?
-37
Calculate -1 + (-5 + (-11 - 0) - -17 - 58).
-58
Evaluate 15 + (39 + -130 - -48).
-28
99 + -100 + 3 + 0 + -4 + 5
3
What is 0 - -1 - 36 - ((-2 - -13) + 61 + -61)?
-46
Calculate (-8 - 9) + 133 + 13 + -3 + -12.
114
Calculate 18 + -24 + (12 + -2 - (-62 - -63)).
3
35 + -3 - ((-6 - -5) + 21)
12
What is the value of -65 + 0 + -1 + (-5 + 23 - -3) + -19?
-64
Evaluate 30 + 10 - (-2 - (-5 + 1 + 11)).
49
What is (-4 - -2) + (4 - (12 - 7 - 5)) - 41?
-39
Evaluate 16 + (110 - 10) + -104.
12
1 + 2 - ((134 - (-2 - -3)) + (-5003 - -4987))
-114
Evaluate (1 - 17) + -17 + 18 + (77 - 9).
53
What is (362 - 337) + (9 - -1)?
35
Calculate 47 + -46 + 2 + 1 + -297 + 289.
-4
Calculate 182 - (204 - (223 + -101)).
100
What is the value of -10 - 2 - ((-53 - 16) + 58)?
-1
What is the value of 14 - (-27 + 2 + 24 + 16)?
-1
Evaluate -14 + (-62 - (-170 - -48)).
46
Calculate -60 - (46 + -86 + 42 - (1 - -1)).
-60
What is the value of -19 - (3 - 3) - ((84 - 170) + 72)?
-5
What is (-46 - -49) + -84 - -52?
-29
What is -154 + 203 + 1 + -6 - (1 + 4)?
39
What is the value of 16 - ((13 - 47) + 46 + 6)?
-2
What is -111 + (164 + -62 - -79)?
70
-41 + 113 + (-7 - (4 + 7) - -1)
55
Evaluate (115 - (44 + -7)) + -26.
52
2 + (24 - -1) + 1847 + -1859
15
(49 - (-70 + 184)) + 4
-61
What is -655 + 603 - (-23 - 2)?
-27
52 - (87 + 27) - -93
31
-31 + 24 - (1 + -1 + 1) - (-4936 + 4929)
-1
Calculate (-2 - 7) + -866 + 863.
-12
What is -72 + 21 + 78 - (6 + 52)?
-31
Evaluate 3 + 9 - (-44 + 39 + 15).
2
What is (-94 - 3) + (3 - (51 + -24)) - -10?
-111
14 + (1 - 3) + 2 + -31 + 52 + -27
8
What is 101 - (16 + -1 + 1 - (753